{"id":3374,"date":"2025-05-07T10:55:46","date_gmt":"2025-05-07T08:55:46","guid":{"rendered":"https:\/\/career-mainfranken.com\/llegada\/empleos\/"},"modified":"2025-05-16T18:38:21","modified_gmt":"2025-05-16T16:38:21","slug":"empleos","status":"publish","type":"page","link":"https:\/\/career-mainfranken.com\/es\/llegada\/empleos\/","title":{"rendered":"Empleos"},"content":{"rendered":"<div class=\"fusion-fullwidth fullwidth-box fusion-builder-row-1 fusion-flex-container has-pattern-background has-mask-background nonhundred-percent-fullwidth non-hundred-percent-height-scrolling header\" style=\"--awb-border-radius-top-left:0px;--awb-border-radius-top-right:0px;--awb-border-radius-bottom-right:0px;--awb-border-radius-bottom-left:0px;--awb-padding-top:100px;--awb-padding-bottom:80px;--awb-padding-top-medium:75px;--awb-padding-bottom-medium:55px;--awb-padding-top-small:50px;--awb-padding-bottom-small:30px;--awb-flex-wrap:wrap;\" ><div class=\"fusion-builder-row fusion-row fusion-flex-align-items-flex-start fusion-flex-justify-content-center fusion-flex-content-wrap\" style=\"max-width:1664px;margin-left: calc(-4% \/ 2 );margin-right: calc(-4% \/ 2 );\"><div class=\"fusion-layout-column fusion_builder_column fusion-builder-column-0 fusion_builder_column_4_5 4_5 fusion-flex-column fusion-flex-align-self-center angebote_header\" style=\"--awb-bg-size:cover;--awb-width-large:80%;--awb-margin-top-large:0px;--awb-spacing-right-large:2.4%;--awb-margin-bottom-large:0px;--awb-spacing-left-large:2.4%;--awb-width-medium:80%;--awb-order-medium:0;--awb-spacing-right-medium:2.4%;--awb-spacing-left-medium:2.4%;--awb-width-small:100%;--awb-order-small:0;--awb-spacing-right-small:1.92%;--awb-spacing-left-small:1.92%;\" data-scroll-devices=\"small-visibility,medium-visibility,large-visibility\"><div class=\"fusion-column-wrapper fusion-column-has-shadow fusion-flex-justify-content-flex-start fusion-content-layout-column\"><div class=\"fusion-title title fusion-title-1 fusion-sep-none fusion-title-text fusion-title-size-one\" style=\"--awb-text-color:var(--awb-color5);--awb-margin-top-small:0px;--awb-margin-right-small:0px;--awb-margin-bottom-small:0px;--awb-margin-left-small:0px;--awb-font-size:var(--awb-typography2-font-size);\"><h1 class=\"fusion-title-heading title-heading-left fusion-responsive-typography-calculated\" style=\"font-family:var(--awb-typography2-font-family);font-weight:var(--awb-typography2-font-weight);font-style:var(--awb-typography2-font-style);margin:0;letter-spacing:var(--awb-typography2-letter-spacing);text-transform:var(--awb-typography2-text-transform);font-size:1em;--fontSize:70;line-height:1;\">Empleos<\/h1><\/div><div class=\"fusion-separator trenner_links\" style=\"align-self: flex-start;margin-right:auto;margin-top:25px;margin-bottom:25px;width:100%;max-width:100px;\"><div class=\"fusion-separator-border sep-single sep-solid\" style=\"--awb-height:20px;--awb-amount:20px;--awb-sep-color:var(--awb-color5);border-color:var(--awb-color5);border-top-width:4px;\"><\/div><\/div><div class=\"fusion-text fusion-text-1\"><p>\u00bfEst\u00e1 buscando un empleo adecuado en la regi\u00f3n? En nuestros <a href=\"https:\/\/career-mainfranken.com\/es\/empleadores-de-prestigio\/\">mejores empleadores<\/a> encontrar\u00e1 una selecci\u00f3n de empresas de Mainfranken que buscan espec\u00edficamente profesionales cualificados, desde empresas familiares hasta l\u00edderes del mercado mundial. All\u00ed obtendr\u00e1 informaci\u00f3n sobre diversos sectores, \u00e1reas de trabajo y culturas empresariales. Muchas empresas se presentan con fotograf\u00edas, v\u00eddeos, citas de empleados y enlaces a p\u00e1ginas de carreras con ofertas de empleo directas. De este modo, no solo obtendr\u00e1 una visi\u00f3n general de los puestos vacantes, sino tambi\u00e9n una idea de lo que le espera en su jornada laboral.<\/p>\n<\/div><div ><a class=\"fusion-button button-3d fusion-button-default-size button-default fusion-button-default button-1 fusion-button-default-span fusion-button-default-type button_gruen\" style=\"--awb-margin-bottom:30px;\" target=\"_self\" href=\"https:\/\/career-mainfranken.com\/es\/empleadores-de-prestigio\/\"><span class=\"fusion-button-text awb-button__text awb-button__text--default\">Ir a los mejores empleadores<\/span><\/a><\/div><div class=\"fusion-text fusion-text-2\"><p>Adem\u00e1s, las bolsas de trabajo regionales como <a href=\"https:\/\/jobs.mainpost.de\/\" target=\"_blank\" rel=\"noopener\">jobs.mainpost.de<\/a>, <a href=\"https:\/\/www.jobs-on-air.de\/\" target=\"_blank\" rel=\"noopener\">Jobs on Air<\/a>, <a href=\"https:\/\/www.unterfrankenjobs.de\" target=\"_blank\" rel=\"noopener\">unterfrankenjobs.de<\/a> o la <a href=\"https:\/\/www.arbeitsagentur.de\/\" target=\"_blank\" rel=\"noopener\">Agencia Federal de Empleo<\/a> le ayudar\u00e1n a buscar puestos vacantes espec\u00edficos en Mainfranken.<\/p>\n<p>Si est\u00e1 buscando una formaci\u00f3n profesional o un puesto para un programa de estudios duales en Mainfranken, nuestro <a href=\"https:\/\/www.ausbildungskompass.de\/mainfranken\" target=\"_blank\" rel=\"noopener\">Ausbildungskompass<\/a> le ser\u00e1 de gran ayuda.<\/p>\n<p>Si est\u00e1 buscando la oportunidad de estudiar, encontrar\u00e1 informaci\u00f3n \u00fatil en nuestra p\u00e1gina sobre estudios en Mainfranken:<\/p>\n<\/div><div ><a class=\"fusion-button button-3d fusion-button-default-size button-default fusion-button-default button-2 fusion-button-default-span fusion-button-default-type button_gruen\" style=\"--awb-margin-bottom:30px;\" target=\"_self\" href=\"https:\/\/career-mainfranken.com\/fuer-studierende\/\"><span class=\"fusion-button-text awb-button__text awb-button__text--default\">Ir a \u201cPara estudiantes\u201d<\/span><\/a><\/div><\/div><\/div><\/div><\/div>\n","protected":false},"excerpt":{"rendered":"","protected":false},"author":2,"featured_media":0,"parent":3330,"menu_order":0,"comment_status":"closed","ping_status":"closed","template":"100-width.php","meta":{"footnotes":"","_links_to":"","_links_to_target":""},"class_list":["post-3374","page","type-page","status-publish","hentry"],"yoast_head":"<!-- This site is optimized with the Yoast SEO plugin v27.5 - https:\/\/yoast.com\/product\/yoast-seo-wordpress\/ -->\n<title>Empleos - Region Mainfranken<\/title>\n<meta name=\"robots\" content=\"index, follow, max-snippet:-1, max-image-preview:large, max-video-preview:-1\" \/>\n<link rel=\"canonical\" href=\"https:\/\/career-mainfranken.com\/es\/llegada\/empleos\/\" \/>\n<meta property=\"og:locale\" content=\"es_ES\" \/>\n<meta property=\"og:type\" content=\"article\" \/>\n<meta property=\"og:title\" content=\"Empleos - Region Mainfranken\" \/>\n<meta property=\"og:url\" content=\"https:\/\/career-mainfranken.com\/es\/llegada\/empleos\/\" \/>\n<meta property=\"og:site_name\" content=\"Region Mainfranken\" \/>\n<meta property=\"article:modified_time\" content=\"2025-05-16T16:38:21+00:00\" \/>\n<meta name=\"twitter:card\" content=\"summary_large_image\" \/>\n<meta name=\"twitter:label1\" content=\"Tiempo de lectura\" \/>\n\t<meta name=\"twitter:data1\" content=\"11 minutos\" \/>\n<script type=\"application\/ld+json\" class=\"yoast-schema-graph\">{\"@context\":\"https:\\\/\\\/schema.org\",\"@graph\":[{\"@type\":\"WebPage\",\"@id\":\"https:\\\/\\\/career-mainfranken.com\\\/es\\\/llegada\\\/empleos\\\/\",\"url\":\"https:\\\/\\\/career-mainfranken.com\\\/es\\\/llegada\\\/empleos\\\/\",\"name\":\"Empleos - Region Mainfranken\",\"isPartOf\":{\"@id\":\"https:\\\/\\\/career-mainfranken.com\\\/es\\\/#website\"},\"datePublished\":\"2025-05-07T08:55:46+00:00\",\"dateModified\":\"2025-05-16T16:38:21+00:00\",\"breadcrumb\":{\"@id\":\"https:\\\/\\\/career-mainfranken.com\\\/es\\\/llegada\\\/empleos\\\/#breadcrumb\"},\"inLanguage\":\"es\",\"potentialAction\":[{\"@type\":\"ReadAction\",\"target\":[\"https:\\\/\\\/career-mainfranken.com\\\/es\\\/llegada\\\/empleos\\\/\"]}]},{\"@type\":\"BreadcrumbList\",\"@id\":\"https:\\\/\\\/career-mainfranken.com\\\/es\\\/llegada\\\/empleos\\\/#breadcrumb\",\"itemListElement\":[{\"@type\":\"ListItem\",\"position\":1,\"name\":\"P\u00e1gina principal\",\"item\":\"https:\\\/\\\/career-mainfranken.com\\\/es\\\/pagina-principal\\\/\"},{\"@type\":\"ListItem\",\"position\":2,\"name\":\"Llegada\",\"item\":\"https:\\\/\\\/career-mainfranken.com\\\/es\\\/llegada\\\/\"},{\"@type\":\"ListItem\",\"position\":3,\"name\":\"Empleos\"}]},{\"@type\":\"WebSite\",\"@id\":\"https:\\\/\\\/career-mainfranken.com\\\/es\\\/#website\",\"url\":\"https:\\\/\\\/career-mainfranken.com\\\/es\\\/\",\"name\":\"Region Mainfranken\",\"description\":\"\",\"potentialAction\":[{\"@type\":\"SearchAction\",\"target\":{\"@type\":\"EntryPoint\",\"urlTemplate\":\"https:\\\/\\\/career-mainfranken.com\\\/es\\\/?s={search_term_string}\"},\"query-input\":{\"@type\":\"PropertyValueSpecification\",\"valueRequired\":true,\"valueName\":\"search_term_string\"}}],\"inLanguage\":\"es\"}]}<\/script>\n<!-- \/ Yoast SEO plugin. -->","yoast_head_json":{"title":"Empleos - Region Mainfranken","robots":{"index":"index","follow":"follow","max-snippet":"max-snippet:-1","max-image-preview":"max-image-preview:large","max-video-preview":"max-video-preview:-1"},"canonical":"https:\/\/career-mainfranken.com\/es\/llegada\/empleos\/","og_locale":"es_ES","og_type":"article","og_title":"Empleos - Region Mainfranken","og_url":"https:\/\/career-mainfranken.com\/es\/llegada\/empleos\/","og_site_name":"Region Mainfranken","article_modified_time":"2025-05-16T16:38:21+00:00","twitter_card":"summary_large_image","twitter_misc":{"Tiempo de lectura":"11 minutos"},"schema":{"@context":"https:\/\/schema.org","@graph":[{"@type":"WebPage","@id":"https:\/\/career-mainfranken.com\/es\/llegada\/empleos\/","url":"https:\/\/career-mainfranken.com\/es\/llegada\/empleos\/","name":"Empleos - Region Mainfranken","isPartOf":{"@id":"https:\/\/career-mainfranken.com\/es\/#website"},"datePublished":"2025-05-07T08:55:46+00:00","dateModified":"2025-05-16T16:38:21+00:00","breadcrumb":{"@id":"https:\/\/career-mainfranken.com\/es\/llegada\/empleos\/#breadcrumb"},"inLanguage":"es","potentialAction":[{"@type":"ReadAction","target":["https:\/\/career-mainfranken.com\/es\/llegada\/empleos\/"]}]},{"@type":"BreadcrumbList","@id":"https:\/\/career-mainfranken.com\/es\/llegada\/empleos\/#breadcrumb","itemListElement":[{"@type":"ListItem","position":1,"name":"P\u00e1gina principal","item":"https:\/\/career-mainfranken.com\/es\/pagina-principal\/"},{"@type":"ListItem","position":2,"name":"Llegada","item":"https:\/\/career-mainfranken.com\/es\/llegada\/"},{"@type":"ListItem","position":3,"name":"Empleos"}]},{"@type":"WebSite","@id":"https:\/\/career-mainfranken.com\/es\/#website","url":"https:\/\/career-mainfranken.com\/es\/","name":"Region Mainfranken","description":"","potentialAction":[{"@type":"SearchAction","target":{"@type":"EntryPoint","urlTemplate":"https:\/\/career-mainfranken.com\/es\/?s={search_term_string}"},"query-input":{"@type":"PropertyValueSpecification","valueRequired":true,"valueName":"search_term_string"}}],"inLanguage":"es"}]}},"_links":{"self":[{"href":"https:\/\/career-mainfranken.com\/es\/wp-json\/wp\/v2\/pages\/3374","targetHints":{"allow":["GET"]}}],"collection":[{"href":"https:\/\/career-mainfranken.com\/es\/wp-json\/wp\/v2\/pages"}],"about":[{"href":"https:\/\/career-mainfranken.com\/es\/wp-json\/wp\/v2\/types\/page"}],"author":[{"embeddable":true,"href":"https:\/\/career-mainfranken.com\/es\/wp-json\/wp\/v2\/users\/2"}],"replies":[{"embeddable":true,"href":"https:\/\/career-mainfranken.com\/es\/wp-json\/wp\/v2\/comments?post=3374"}],"version-history":[{"count":0,"href":"https:\/\/career-mainfranken.com\/es\/wp-json\/wp\/v2\/pages\/3374\/revisions"}],"up":[{"embeddable":true,"href":"https:\/\/career-mainfranken.com\/es\/wp-json\/wp\/v2\/pages\/3330"}],"wp:attachment":[{"href":"https:\/\/career-mainfranken.com\/es\/wp-json\/wp\/v2\/media?parent=3374"}],"curies":[{"name":"wp","href":"https:\/\/api.w.org\/{rel}","templated":true}]}}

<div class="fusion-fullwidth fullwidth-box fusion-builder-row-1 fusion-flex-container has-pattern-background has-mask-background nonhundred-percent-fullwidth non-hundred-percent-height-scrolling header" style="--awb-border-radius-top-left:0px;--awb-border-radius-top-right:0px;--awb-border-radius-bottom-right:0px;--awb-border-radius-bottom-left:0px;--awb-padding-top:100px;--awb-padding-bottom:80px;--awb-padding-top-medium:75px;--awb-padding-bottom-medium:55px;--awb-padding-top-small:50px;--awb-padding-bottom-small:30px;--awb-flex-wrap:wrap;" ><div class="fusion-builder-row fusion-row fusion-flex-align-items-flex-start fusion-flex-justify-content-center fusion-flex-content-wrap" style="max-width:1664px;margin-left: calc(-4% / 2 );margin-right: calc(-4% / 2 );"><div class="fusion-layout-column fusion_builder_column fusion-builder-column-0 fusion_builder_column_4_5 4_5 fusion-flex-column fusion-flex-align-self-center angebote_header" style="--awb-bg-size:cover;--awb-width-large:80%;--awb-margin-top-large:0px;--awb-spacing-right-large:2.4%;--awb-margin-bottom-large:0px;--awb-spacing-left-large:2.4%;--awb-width-medium:80%;--awb-order-medium:0;--awb-spacing-right-medium:2.4%;--awb-spacing-left-medium:2.4%;--awb-width-small:100%;--awb-order-small:0;--awb-spacing-right-small:1.92%;--awb-spacing-left-small:1.92%;" data-scroll-devices="small-visibility,medium-visibility,large-visibility"><div class="fusion-column-wrapper fusion-column-has-shadow fusion-flex-justify-content-flex-start fusion-content-layout-column"><div class="fusion-title title fusion-title-1 fusion-sep-none fusion-title-text fusion-title-size-one" style="--awb-text-color:var(--awb-color5);--awb-margin-top-small:0px;--awb-margin-right-small:0px;--awb-margin-bottom-small:0px;--awb-margin-left-small:0px;--awb-font-size:var(--awb-typography2-font-size);"><h1 class="fusion-title-heading title-heading-left fusion-responsive-typography-calculated" style="font-family:var(--awb-typography2-font-family);font-weight:var(--awb-typography2-font-weight);font-style:var(--awb-typography2-font-style);margin:0;letter-spacing:var(--awb-typography2-letter-spacing);text-transform:var(--awb-typography2-text-transform);font-size:1em;--fontSize:70;line-height:1;">Empleos</h1></div><div class="fusion-separator trenner_links" style="align-self: flex-start;margin-right:auto;margin-top:25px;margin-bottom:25px;width:100%;max-width:100px;"><div class="fusion-separator-border sep-single sep-solid" style="--awb-height:20px;--awb-amount:20px;--awb-sep-color:var(--awb-color5);border-color:var(--awb-color5);border-top-width:4px;"></div></div><div class="fusion-text fusion-text-1"><p>¿Está buscando un empleo adecuado en la región? En nuestros <a href="https://career-mainfranken.com/es/empleadores-de-prestigio/">mejores empleadores</a> encontrará una selección de empresas de Mainfranken que buscan específicamente profesionales cualificados, desde empresas familiares hasta líderes del mercado mundial. Allí obtendrá información sobre diversos sectores, áreas de trabajo y culturas empresariales. Muchas empresas se presentan con fotografías, vídeos, citas de empleados y enlaces a páginas de carreras con ofertas de empleo directas. De este modo, no solo obtendrá una visión general de los puestos vacantes, sino también una idea de lo que le espera en su jornada laboral.</p>
</div><div ><a class="fusion-button button-3d fusion-button-default-size button-default fusion-button-default button-1 fusion-button-default-span fusion-button-default-type button_gruen" style="--awb-margin-bottom:30px;" target="_self" href="https://career-mainfranken.com/es/empleadores-de-prestigio/"><span class="fusion-button-text awb-button__text awb-button__text--default">Ir a los mejores empleadores</span></a></div><div class="fusion-text fusion-text-2"><p>Además, las bolsas de trabajo regionales como <a href="https://jobs.mainpost.de/" target="_blank" rel="noopener">jobs.mainpost.de</a>, <a href="https://www.jobs-on-air.de/" target="_blank" rel="noopener">Jobs on Air</a>, <a href="https://www.unterfrankenjobs.de" target="_blank" rel="noopener">unterfrankenjobs.de</a> o la <a href="https://www.arbeitsagentur.de/" target="_blank" rel="noopener">Agencia Federal de Empleo</a> le ayudarán a buscar puestos vacantes específicos en Mainfranken.</p>
<p>Si está buscando una formación profesional o un puesto para un programa de estudios duales en Mainfranken, nuestro <a href="https://www.ausbildungskompass.de/mainfranken" target="_blank" rel="noopener">Ausbildungskompass</a> le será de gran ayuda.</p>
<p>Si está buscando la oportunidad de estudiar, encontrará información útil en nuestra página sobre estudios en Mainfranken:</p>
</div><div ><a class="fusion-button button-3d fusion-button-default-size button-default fusion-button-default button-2 fusion-button-default-span fusion-button-default-type button_gruen" style="--awb-margin-bottom:30px;" target="_self" href="https://career-mainfranken.com/fuer-studierende/"><span class="fusion-button-text awb-button__text awb-button__text--default">Ir a “Para estudiantes”</span></a></div></div></div></div></div>

<!-- This site is optimized with the Yoast SEO plugin v27.5 - https://yoast.com/product/yoast-seo-wordpress/ -->
<title>Empleos - Region Mainfranken</title>
<meta name="robots" content="index, follow, max-snippet:-1, max-image-preview:large, max-video-preview:-1" />
<link rel="canonical" href="https://career-mainfranken.com/es/llegada/empleos/" />
<meta property="og:locale" content="es_ES" />
<meta property="og:type" content="article" />
<meta property="og:title" content="Empleos - Region Mainfranken" />
<meta property="og:url" content="https://career-mainfranken.com/es/llegada/empleos/" />
<meta property="og:site_name" content="Region Mainfranken" />
<meta property="article:modified_time" content="2025-05-16T16:38:21+00:00" />
<meta name="twitter:card" content="summary_large_image" />
<meta name="twitter:label1" content="Tiempo de lectura" />
	<meta name="twitter:data1" content="11 minutos" />
<script type="application/ld+json" class="yoast-schema-graph">{"@context":"https:\/\/schema.org","@graph":[{"@type":"WebPage","@id":"https:\/\/career-mainfranken.com\/es\/llegada\/empleos\/","url":"https:\/\/career-mainfranken.com\/es\/llegada\/empleos\/","name":"Empleos - Region Mainfranken","isPartOf":{"@id":"https:\/\/career-mainfranken.com\/es\/#website"},"datePublished":"2025-05-07T08:55:46+00:00","dateModified":"2025-05-16T16:38:21+00:00","breadcrumb":{"@id":"https:\/\/career-mainfranken.com\/es\/llegada\/empleos\/#breadcrumb"},"inLanguage":"es","potentialAction":[{"@type":"ReadAction","target":["https:\/\/career-mainfranken.com\/es\/llegada\/empleos\/"]}]},{"@type":"BreadcrumbList","@id":"https:\/\/career-mainfranken.com\/es\/llegada\/empleos\/#breadcrumb","itemListElement":[{"@type":"ListItem","position":1,"name":"Página principal","item":"https:\/\/career-mainfranken.com\/es\/pagina-principal\/"},{"@type":"ListItem","position":2,"name":"Llegada","item":"https:\/\/career-mainfranken.com\/es\/llegada\/"},{"@type":"ListItem","position":3,"name":"Empleos"}]},{"@type":"WebSite","@id":"https:\/\/career-mainfranken.com\/es\/#website","url":"https:\/\/career-mainfranken.com\/es\/","name":"Region Mainfranken","description":"","potentialAction":[{"@type":"SearchAction","target":{"@type":"EntryPoint","urlTemplate":"https:\/\/career-mainfranken.com\/es\/?s={search_term_string}"},"query-input":{"@type":"PropertyValueSpecification","valueRequired":true,"valueName":"search_term_string"}}],"inLanguage":"es"}]}</script>
<!-- / Yoast SEO plugin. -->

Página principal
